748?
3
What is the ten thousands digit of 7363043?
6
What is the ten thousands digit of 907683296?
8
What is the hundred thousands digit of 150883883?
8
What is the millions digit of 248272159?
8
What is the billions digit of 2709516469?
2
What is the ten millions digit of 534637618?
3
What is the millions digit of 25169959?
5
What is the hundreds digit of 264710064?
0
What is the ten millions digit of 1960466472?
6
What is the ten thousands digit of 1250341653?
4
What is the thousands digit of 31905618?
5
What is the ten thousands digit of 4165863739?
6
What is the ten millions digit of 21012005?
2
What is the tens digit of 202944148?
4
What is the hundred thousands digit of 68441810?
4
What is the millions digit of 713467642?
3
What is the units digit of 3410728550?
0
What is the hundred thousands digit of 41055402?
0
What is the hundreds digit of 891012036?
0
What is the units digit of 44256209?
9
What is the hundreds digit of 343930962?
9
What is the hundred thousands digit of 7398830?
3
What is the hundred thousands digit of 8587722?
5
What is the hundreds digit of 131116434?
4
What is the hundreds digit of 19208762?
7
What is the units digit of 8084134?
4
What is the hundreds digit of 121704051?
0
What is the hundred thousands digit of 433123155?
1
What is the millions digit of 76433197?
6
What is the hundreds digit of 79715201?
2
What is the units digit of 4541574828?
8
What is the units digit of 61751153?
3
What is the millions digit of 586698254?
6
What is the hundreds digit of 1504073663?
6
What is the millions digit of 19016586?
9
What is the thousands digit of 70900031?
0
What is the millions digit of 2055147822?
5
What is the hundred thousands digit of 8812392?
8
What is the hundreds digit of 5606609176?
1
What is the ten millions digit of 2287055528?
8
What is the ten thousands digit of 1642017219?
1
What is the thousands digit of 276425762?
5
What is the hundreds digit of 185206828?
8
What is the hundreds digit of 2639062549?
5
What is the ten thousands digit of 54093473?
9
What is the tens digit of 106221310?
1
What is the millions digit of 117436027?
7
What is the hundred thousands digit of 10450481?
4
What is the millions digit of 60507723?
0
What is the tens digit of 86143223?
2
What is the units digit of 265829382?
2
What is the thousands digit of 61858280?
8
What is the ten millions digit of 177940793?
7
What is the hundred millions digit of 250182466?
2
What is the ten millions digit of 1770741915?
7
What is the tens digit of 698452140?
4
What is the hundred millions digit of 4928534291?
9
What is the hundreds digit of 1315121276?
2
What is the units digit of 235381764?
4
What is the thousands digit of 6675827?
5
What is the tens digit of 4078998304?
0
What is the tens digit of 1072598427?
2
What is the hundreds digit of 5298787490?
4
What is the hundred thousands digit of 43259205?
2
What is the tens digit of 621384670?
7
What is the hundred thousands digit of 208753764?
7
What is the hundred millions digit of 125730484?
1
What is the thousands digit of 23028704?
8
What is the tens digit of 465047645?
4
What is the hundred thousands digit of 110746899?
7
What is the ten millions digit of 148127205?
4
What is the ten thousands digit of 302787843?
8
What is the thousands digit of 419603643?
3
What is the ten thousands digit of 5194487427?
8
What is the units digit of 2735541?
1
What is the units digit of 12404730?
0
What is the hundred thousands digit of 106246644?
2
What is the hundred millions digit of 855867963?
8
What is the hundred thousands digit of 114652493?
6
What is the millions digit of 459824921?
9
What is the hundreds digit of 30023593?
5
What is the hundred thousands digit of 74982401?
9
What is the ten millions digit of 105241386?
0
What is the ten millions digit of 21656165?
2
What is the units digit of 1386417938?
8
What is the ten thousands digit of 102671526?
7
What is the millions digit of 2411271923?
1
What is the thousands digit of 28971529?
1
What is the hundreds digit of 59736266?
2
What is the ten thousands digit of 5663651?
6
What is the ten thousands digit of 347002191?
0
What is the hundreds digit of 50130537?
5
What is the millions digit of 61393656?
1
What is the hundred millions digit of 378723104?
3
What is the units digit of 464787892?
2
What is the ten thousands digit of 110806245?
0
What is the millions digit of 15331665?
5
What is the ten millions digit of 324730675?
2
What is the ten thousands digit of 158728315?
2
What is the thousands digit of 4493502866?
2
What is the millions digit of 41163356?
1
What is the billions digit of 3613510946?
3
What is the hundreds digit of 39915604?
6
What is the hundreds digit of 1208328?
3
What is the hundreds digit of 1253907721?
7
What is the hundred thousands digit of 1913119860?
1
What is the ten thousands digit of 34248896?
4
What is the hundred millions digit of 166755076?
1
What is the millions digit of 1535090156?
5
What is the millions digit of 24705217?
4
What is the tens digit of 1446533715?
1
What is the hundred thousands digit of 4821254552?
2
What is the ten thousands digit of 49909731?
0
What is the hundred thousands digit of 69187057?
1
What is the ten millions digit of 36784742?
3
What is the ten thousands digit of 12647782?
4
What is the tens digit of 254482336?
3
What is the hundreds digit of 149626611?
6
What is the hundred thousands digit of 2012034638?
0
What is the ten millions digit of 294004795?
9
What is the ten thousands digit of 31745940?
4
What is the hundred thousands digit of 68478947?
4
What is the units digit of 108005385?
5
What is the tens digit of 86081477?
7
What is the tens digit of 930438114?
1
What is the tens digit of 3146950974?
7
What is the hundred millions digit of 1869201723?
8
What is the ten thousands digit of 1815190727?
9
What is the units digit of 1721128263?
3
What is the billions digit of 1772160428?
1
What is the hundreds digit of 131709272?
2
What is the hundred thousands digit of 4850331?
8
What is the ten millions digit of 149113616?
4
What is the millions digit of 181528962?
1
What is the hundred thousands digit of 185265715?
2
What is the units digit of 93696378?
8
What is the millions digit of 1088275681?
8
What is the millions digit of 3446661?
3
What is the ten thousands digit of 5492491043?
9
What is the millions digit of 77302982?
7
What is the hundred thousands digit of 923750920?
7
What is the hundreds digit of 35193872?
8
What is the hundred thousands digit of 180010616?
0
What is the hundreds digit of 4723750?
7
What is the hundred thousands digit of 43164825?
1
What is the thousands digit of 696088049?
8
What is the ten thousands digit of 495800049?
0
What is the hundred millions digit of 148865763?
1
What is the ten thousands digit of 6722988801?
8
What is the millions digit of 354834368?
4
What is the ten millions digit of 2691906087?
9
What is the millions digit of 228659392?
8
What is the thousands digit of 371774690?
4
What is the units digit of 55562836?
6
What is the tens digit of 1945031986?
8
What is the hundreds digit of 419955008?
0
What is the ten thousands digit of 30201176?
0
What is the hundreds digit of 2624729687?
6
What is the ten millions digit of 908406930?
0
What is the units digit of 34520336?
6
What is the ten thousands digit of 1322210949?
1
What is the hundred thousands digit of 70285596?
2
What is the units digit of 1617827680?
0
What is the ten thousands digit of 356634483?
3
What is the tens digit of 26005853?
5
What is the ten millions digit of 1308903020?
0
What is the thousands digit of 130044352?
4
What is the thousands digit of 3164497473?
7
What is the units digit of 645156427?
7
What is the hundreds digit of 4832807?
8
What is the hundred thousands digit of 32286193?
2
What is the hundred millions digit of 1840302377?
8
What is the ten thousands digit of 665494075?
9
What is the ten millions digit of 730770850?
3
What is the ten thousands digit of 6430169498?
6
What is the tens digit of 81859393?
9
What is the hundred thousands digit of 178798162?
7
What is the ten thousands digit of 31277908?
7
What is the ten thousands digit of 62071125?
7
What is the millions digit of 2109587606?
9
What is the millions digit of 598772719?
8
What is the thous